93339 prime?
False
Is 80929720771 prime?
True
Is 638024351 composite?
True
Is 5189336701 prime?
True
Is 41258377 composite?
True
Is 383739911 prime?
False
Is 247994713 a prime number?
True
Is 23142206237 prime?
False
Is 136939369793 a prime number?
True
Is 17500241623 a prime number?
True
Is 87285898033 composite?
True
Is 2498917163 composite?
False
Is 1945307879 prime?
False
Is 34028339827 composite?
False
Is 2719003817 a composite number?
True
Is 538729831 a prime number?
True
Is 975438106 a composite number?
True
Is 802793819 a composite number?
True
Is 4681942003 a composite number?
False
Is 2082058757 composite?
False
Is 506889247 composite?
False
Is 1628928803 prime?
True
Is 8510268623 composite?
False
Is 7035066211 prime?
True
Is 7452913249 a prime number?
False
Is 3601968191 a prime number?
False
Is 3612549661 a prime number?
False
Is 50406651413 composite?
False
Is 82318309 a prime number?
True
Is 51809343 prime?
False
Is 4691845091 a composite number?
False
Is 1752656491 composite?
False
Is 8250952201 a composite number?
False
Is 6303391687 prime?
False
Is 1640381989 a prime number?
False
Is 82175616203 a prime number?
True
Is 16153008979 composite?
False
Is 60450911561 prime?
False
Is 1188618421 prime?
True
Is 3622469819 composite?
False
Is 5691153001 prime?
True
Is 11108527 composite?
True
Is 7004402513 a prime number?
False
Is 28435663873 composite?
False
Is 19725541091 a composite number?
True
Is 43619129893 composite?
False
Is 2958464363 prime?
False
Is 1122782281 a composite number?
False
Is 761022373 a prime number?
True
Is 72651651007 prime?
False
Is 10853636545 prime?
False
Is 389041969 composite?
True
Is 19037173879 prime?
False
Is 296841719 composite?
False
Is 3661523851 a prime number?
False
Is 2165156131 prime?
True
Is 31085053 a prime number?
True
Is 8132997533 a composite number?
False
Is 2109094909 prime?
False
Is 1660529141 a prime number?
False
Is 55333427 a composite number?
True
Is 39266883641 composite?
True
Is 1932805291 a composite number?
False
Is 17098230937 prime?
False
Is 3552437509 composite?
False
Is 1457353943 a composite number?
False
Is 1657245193 prime?
True
Is 8968106459 composite?
True
Is 2809734413 a composite number?
False
Is 47082657383 a prime number?
False
Is 1280475771 a prime number?
False
Is 37643839 composite?
False
Is 3204991331 a prime number?
True
Is 2196893429 a prime number?
True
Is 19820772259 composite?
False
Is 87505933 a prime number?
True
Is 971202653 prime?
False
Is 2866873169 a composite number?
False
Is 74142811 prime?
True
Is 21337310083 prime?
True
Is 5356581049 a prime number?
True
Is 485546773 prime?
True
Is 12688964567 prime?
True
Is 7659795877 composite?
False
Is 67157909639 composite?
True
Is 2144229283 a prime number?
False
Is 44691055657 composite?
False
Is 1513585951 a composite number?
True
Is 12337004167 a composite number?
False
Is 329162393 a prime number?
False
Is 586429751 composite?
False
Is 13882517639 prime?
True
Is 25435284143 a prime number?
True
Is 287515777 prime?
False
Is 6933520817 composite?
True
Is 8324295151 composite?
False
Is 76866370727 composite?
True
Is 18121783249 composite?
False
Is 2871983977 composite?
True
Is 1194387457 prime?
True
Is 16122037 prime?
True
Is 4218116957 prime?
False
Is 1811062381 a composite number?
False
Is 142121383 composite?
True
Is 76909722947 prime?
True
Is 245469137843 a prime number?
False
Is 373744279 a prime number?
True
Is 12398666471 a composite number?
True
Is 13150952303 a prime number?
True
Is 20146535861 prime?
True
Is 3219238663 prime?
True
Is 798482981 a prime number?
True
Is 10594837697 a prime number?
True
Is 41243438879 prime?
True
Is 625496149 a prime number?
False
Is 3865243 a prime number?
True
Is 632675301 a prime number?
False
Is 264688520591 a composite number?
True
Is 5893020295 composite?
True
Is 1051309289 prime?
True
Is 261366241 a prime number?
False
Is 83338148485 a composite number?
True
Is 158432801 a prime number?
True
Is 59267617121 a prime number?
True
Is 810300943 prime?
True
Is 1237531189 a prime number?
False
Is 2922662551 a composite number?
True
Is 1812951521 composite?
False
Is 912115123 a prime number?
False
Is 18304999163 a prime number?
False
Is 4094383079 a prime number?
True
Is 26601783229 a composite number?
True
Is 2414864219 prime?
False
Is 3990264709 composite?
False
Is 1152683423 prime?
False
Is 13022549 a prime number?
False
Is 92503109 a prime number?
True
Is 3840312317 a prime number?
False
Is 4608396379 a prime number?
True
Is 595963909 prime?
True
Is 2728209919 composite?
False
Is 1444302389 composite?
False
Is 47734023443 a prime number?
True
Is 14203575697 prime?
True
Is 13207470131 composite?
True
Is 3882573317 composite?
True
Is 2135805499 prime?
True
Is 28257745933 prime?
False
Is 308105235047 a prime number?
True
Is 186027119 a prime number?
False
Is 505724407 prime?
True
Is 1211664929 a composite number?
False
Is 3841583591 composite?
True
Is 6166769339 composite?
False
Is 2247413291 composite?
False
Is 25930261649 prime?
True
Is 1607427533 composite?
True
Is 618763741 a prime number?
True
Is 234641189 prime?
True
Is 5933922061 a prime number?
False
Is 92518504399 a prime number?
False
Is 19732164691 a composite number?
True
Is 27561819427 composite?
False
Is 525783787 a prime number?
False
Is 3655811789 a prime number?
False
Is 25209485023 a prime number?
False
Is 11914110023 a composite number?
False
Is 3849791147 composite?
False
Is 4345156091 a composite number?
False
Is 275988539 prime?
False
Is 5038202311 composite?
False
Is 1330602589 composite?
False
Is 466808477 a prime number?
False
Is 2327679197 a prime number?
False
Is 2581476017 a composite number?
True
Is 5190369043 a composite number?
True
Is 59268169271 prime?
True
Is 145781710249 composite?
True
Is 72035499677 composite?
False
Is 10617522571 composite?
False
Is 26034349273 prime?
True
Is 79654229069 a prime number?
True
Is 1508050891 composite?
False
Is 215441939 a prime number?
True
Is 149161577 prime?
True
Is 47762151131 prime?
True
Is 248235367 prime?
False
Is 1763880901 prime?
True
Is 769255453 composite?
False
Is 53842489 composite?
False
Is 4594175237 prime?
False
Is 2130082351 prime?
True
Is 12162405971 prime?
False
Is 6611436989 a prime number?
True
Is 2985626933 a composite number?
False
Is 23557824449 prime?
False
Is 1143075383 a prime number?
False
Is 946984366 a composite number?
True
Is 824054173 a prime number?
False
Is 677816813 a prime number?
True
Is 186010603 prime?
True
Is 22629388231 composite?
True
Is 784299161 prime?
False
Is 24449228429 a prime number?
True
Is 2646590657 composite?
True
Is 17611769863 a prime number?
False
Is 1594566167 prime?
True
Is 3199013341 prime?
False
Is 733232635 a composite number?
True
Is 11270770337 prime?
False
Is 5068888711 a prime number?
True
Is 3102957479 prime?
False
Is 44429279651 a composite number?
False
Is 41774447573 a composite number?
True
Is 43036480111 composite?
False
Is 1899730489 prime?
True
Is 13560639893 a composite number?
False
Is 4402715399 composite?
False
Is 12703693 composite?
False
Is 58488641 a prime number?
True
Is 58351447261 composite?
False
Is 31597873477 composite?
False
Is 350541157361 prime?
False
Is 961430293 prime?
True
Is 5154787819 a prime number?
False
Is 198561593 a prime number?
True
Is 4608020981 prime?
True
Is 1811662394 a composite number?
True
Is 7464975389 a prime number?
True
Is 536370607 prime?
True
Is 17679052903 prime?
True
Is 705714799 prime?
True
Is 83937652089 composite?
True
Is 6282364659 a composite number?
True
Is 168605207 a prime number?
True
Is 15411824203 a composite number?
True
Is 7133252449 a composite number?
True
Is 7892001191 prime?
True
Is 5150678939 a composite number?
True
Is 811258379 a composite number?
False
Is 47667634829 a prime number?
False
Is 47253581083 a prime number?
True
Is 274058381 prime?
False
Is 718268737 a prime number?
True
Is 1109258803 a composite number?
False
Is 2966288023 a composite number?
False
Is 26865933167 a composite number?
False
Is 20900639033 composite?
True
Is 13236673129 a prime number?
True
Is 11610671 prime?
True
Is 52955878049 a composite number?
False
Is 57271579 a prime number?
False
Is 805159387 composite?
False
Is 579334451 a co